ppose 5*a + 40 = c*w - 8*w, 5*a + 8 = -w. Let i(g) = g**3 + 10*g**2 + 9*g - 10. Is i(w) a prime number?
False
Suppose 0 = 4*p + 4*g - 7132, -3*p + 3*g + 5335 = -g. Is p a prime number?
False
Is ((-12)/1)/3 - (-13 - 3982) a prime number?
False
Suppose 0 = 3*q - 5*r - 1913, -5*r = -q + 2*q - 651. Is q composite?
False
Suppose 0*c + 2*c = 8. Suppose 0*d - 140 = -c*d. Is d a prime number?
False
Is ((1 - 5)/(-4))/((-2)/(-5006)) composite?
False
Let q(l) = 50*l**3 - 3*l**2 - 3*l + 5. Is q(3) a composite number?
False
Let o(y) = y**3 + 11*y**2 + 9*y - 2. Let v be (-70)/8 + (-1)/4. Is o(v) composite?
False
Suppose 0 = -3*f + 12, 4*z - 5*f + f = 4260. Is z prime?
True
Suppose -2 + 0 = -v. Suppose -v*o = -39 - 199. Is o a composite number?
True
Let k be (-4 + 5)*(0 - -3). Suppose -5 = 4*o + k. Is o + 2 + 0 + 19 a composite number?
False
Let g(o) = 100*o - 15. Is g(5) a composite number?
True
Suppose 0 = -u + 2*u - 285. Suppose -2*g = -5*g + u. Is g a prime number?
False
Suppose -x - 97 = 4*g - 364, -g = -4*x + 1000. Is x composite?
False
Suppose u + 2 = 2*u. Suppose -5*j = 4*c - 26, -2*c + u = -6. Suppose j*g - 339 = -17. Is g a composite number?
True
Let r(w) = -62*w**3 + 5*w**2 + 6*w - 2. Is r(-2) prime?
False
Is 2780/(10 + -5) - -1 a prime number?
True
Let z be 3/(6/4) + 33. Suppose -2*k + z = -7. Is k a composite number?
True
Suppose -3*k + 3 = -0. Let o = 3 + k. Suppose o*u = u + 69. Is u composite?
False
Let o(d) = -d**2 - 3*d - 7. Let f(z) = 4*z**2 + 9*z + 21. Let h(i) = -4*f(i) - 11*o(i). Let a be h(-5). Let j = a - -170. Is j a prime number?
True
Let a be (402 - (-4)/2) + -2. Let q = a - 275. Is q prime?
True
Let v = -5 - -10. Suppose -v*o + 8 = -o. Suppose o*m - 6 = 0, m - 240 = -4*b + b. Is b composite?
False
Let h(d) = 0*d**2 + 6*d**2 + 3*d - 1 - 3. Is h(5) a prime number?
False
Suppose 5*t - 17 = 3*j, -4*j + 7 + 17 = 5*t. Suppose t*v + 0*v - 100 = 0. Is v a prime number?
False
Let x be -3*(-21)/9 - -3. Suppose -2*h + 38 = x. Is h composite?
True
Suppose 5278 + 1727 = 5*b. Suppose 2*w - b = -w. Is w a prime number?
True
Is 12/(-3) + 4 + 71 composite?
False
Suppose -5*d + 2*v = -8, 2*v + 4 = 4*d - 2*v. Suppose d*n + 174 = 2*c, 5*c - 3*n - 456 = -29. Is c a prime number?
True
Suppose 5*z - 7*z = -3*q - 2338, -5*z + 5845 = 5*q. Is z a prime number?
False
Suppose 2*z - 5*w - 11200 = 5*z, 0 = -z + 4*w - 3739. Is z/(-25) - 4/10 a composite number?
False
Let f(m) = -m**2 - 5*m + 9. Let g be f(-5). Is 95 - (1 + g/(-3)) a composite number?
False
Let o = 4 + -2. Suppose 356 = -o*n + 6*n. Is n a composite number?
False
Let o(c) be the third derivative of c**5/30 + c**3/6 + 4*c**2. Let r be o(1). Suppose -r*t = t - 76. Is t composite?
False
Is (488 + -1)/(1 + 0) prime?
True
Suppose -5*w + 450 = -245. Is w a composite number?
False
Suppose 5*c - 590 = 2*k, -2*k = 8*c - 3*c - 610. Let w = c + 79. Is w prime?
True
Let z = 42 + 259. Is z prime?
False
Suppose 2*x = 5*k + 57, -2*x - 21 - 52 = 5*k. Let y = k - -35. Is y composite?
True
Let n(z) = z**2 - 5*z - 6. Let q be n(6). Let j be q - (-1)/2*2. Is (127 - (0 + 0))*j a composite number?
False
Is 12/(-18)*(-1 + -2)*239 a composite number?
True
Let g(d) = -14*d**2 + 3*d + 2. Let s be g(-1). Let h = -18 + 40. Let r = h + s. Is r a composite number?
False
Let s(f) = 190*f**2 - f - 1. Let c be s(-1). Suppose -5*m = -5*u - c, -3*u - 2*u - 38 = -m. Suppose 0 = -4*g - m + 386. Is g a composite number?
True
Suppose 0 = -2*p - 2 + 4, -5*p = -2*o + 3. Suppose -5*q = -o*q - 85. Is q a composite number?
True
Let m be -2 - 3/((-3)/13). Let a(n) = -n**3 + 14*n**2 - 15*n + 15. Is a(m) composite?
True
Suppose -4 = -5*f + 2*p, -4*f - 3*p + 0*p - 6 = 0. Suppose 5*m - 485 = -f*m. Is m a prime number?
True
Let y = 1036 - 459. Is y a prime number?
True
Let q = 20 - 39. Let v = q - -40. Is v a composite number?
True
Let f = 6 + -3. Let m be (-1 + f)*(-2)/2. Let u(o) = -5*o**3 - 2*o**2 - 2*o + 2. Is u(m) a prime number?
False
Suppose -s = -2*k - 9, 5*k + 4 = -s - 1. Is 1/s + (-13266)/(-45) prime?
False
Let d(b) = -b**2 + b + 2. Let f be d(2). Let j = 7 - 2. Suppose -5*r + 580 = -f*r - j*c, -2*c = -r + 121. Is r prime?
False
Let h = 58 + 648. Is h composite?
True
Let t(l) = 4*l + 1. Let y be (-2)/((8/(-10))/(-2)). Let a(b) = -9*b - 1. Let i(p) = y*t(p) - 2*a(p). Is i(-8) a composite number?
False
Suppose -4*w - 10 = 6. Is (-1)/((w/(-286))/(-2)) composite?
True
Is (-2020)/(-6) + (-1)/(-3) a prime number?
True
Let x = -15 + 17. Suppose -3*l - i + 2*i + 1336 = 0, -l - x*i = -457. Is l a prime number?
False
Suppose -5 - 23 = 4*z. Let u = 3 - -15. Let d = u + z. Is d a composite number?
False
Suppose 1669 = 3*i - d, -5*i + 1455 = 5*d - 1340. Is i a prime number?
True
Let c(f) = f**3 - f**2. Let z be c(2). Suppose 5*t + x - z = 0, 0*t - x + 4 = -2*t. Suppose 2*a = 4*i + 2, -3*i + 18 = 5*a - t*a. Is a composite?
False
Suppose -5*i = 5*v + 25, 3*i - 2*v - 7 = 3. Let o = i + -2. Is o - -80 - -1 - 2 composite?
True
Is (-2)/4 - 2035/(-10) a composite number?
True
Let a = 20313 - 11362. Is a a composite number?
False
Suppose n - 4*n + 63 = 0. Let c = -10 + n. Is c composite?
False
Suppose -4*a = -7*a. Suppose a = s - 6*s + 345. Is s a prime number?
False
Suppose 2*d = -d + 12147. Is d composite?
False
Let r(x) = -5*x - 25. Let i(u) = -u - 5. Let p(q) = 11*i(q) - 2*r(q). Let t be p(-7). Suppose -3*y + 155 = t*y. Is y prime?
True
Let w(x) = 1846*x**3 + 3*x**2 - x - 1. Is w(1) composite?
False
Let g = -2676 - -6617. Is g a composite number?
True
Suppose -5*t = -3*i + 19, 0 = 3*i + 2*t + 2*t + 26. Is i + (2 + 19 - -3) composite?
True
Let l = 574 + -227. Is l a prime number?
True
Let c = -4 + 12. Suppose -c*i + 1075 = -3*i. Is i prime?
False
Is 6975/27 - (-4)/6 a composite number?
True
Let o = 282 - 94. Suppose -o = -5*s + 3*s. Let k = s - 59. Is k composite?
True
Let x = 314 + -642. Let f = -119 - x. Is f a prime number?
False
Suppose 4*y - t = 1985, 0 = -y + 5*t + 696 - 214. Is y composite?
True
Is ((-558)/(-27))/((-4)/(-6)) prime?
True
Suppose -2*h = -821 - 849. Is h composite?
True
Let n = -28 + -378. Let x = n - -665. Is x a prime number?
False
Suppose -4*m = -52 - 172. Suppose 0 = -5*t + 4*t + 3. Suppose t*g + 11 - m = 0. Is g a prime number?
False
Let o(r) be the second derivative of r**4/12 - r**2 - 2*r. Let h be o(-2). Suppose -w + 5*w = u - 45, h*w = 3*u - 155. Is u a prime number?
True
Let s = 4 - 2. Suppose 0 = -s*t + 1 + 3. Suppose 2*i + 4*a - 279 = -53, t*i - 5*a = 217. Is i a prime number?
False
Let y = 14 - 84. Is (-4)/5*y/4 composite?
True
Let b = -19 - -56. Suppose -3*y + 4*y + 4*h - 22 = 0, -h - b = -y. Is y composite?
True
Suppose -2*i + 1289 = 2*f + 3*i, -3*f - 2*i + 1917 = 0. Let n = f + -344. Is n composite?
False
Let y = 107 - 66. Let l be (-2)/(-3) + 20/6. Suppose -l*z - 3*k = -120, 2*z - 3*z = -2*k - y. Is z a composite number?
True
Let r(h) = 41*h - 6. Let c(o) = 41*o - 7. Let i(y) = -5*c(y) + 6*r(y). Let l(a) = 3*a - 2. Let d be l(2). Is i(d) a composite number?
False
Suppose -2*o + 12*o = 23710. Is o prime?
True
Is (1584/42)/6 + (-4)/14 prime?
False
Let t(j) = -6*j - 3. Let c be t(7). Is ((-127)/5)/(9/c) prime?
True
Suppose 2*j + 5*t - 82 = 0, 0 = 4*j - 3*j - 5*t - 11. Is j a composite number?
False
Let o(h) = 44*h**2 + 2*h + 2. Let u(d) = -22*d**2 - d - 1. Let z(k) = -4*o(k) - 9*u(k). Is z(-1) prime?
False
Let b = 170 - 94. Let f = b + 13. Is f a composite number?
False
Let d = 8 + -7. Let v(x) = 15 + 65*x**2 - 15. Is v(d) prime?
False
Let d = 1653 + -970. Is d composite?
False
Let b = 156 - -91. Is b a composite number?
True
Let p = -13 - -14. Is (-3 + (-3 - -217))*p a prime number?
True
Let s(b) = 3*b**2 + 3*b - 3. Let d = 5 - 2. Let u = d - 1. Is s(u) a prime number?
False
Let l(p) = 5*p**2 - 7*p + 8. Is l(2) a prime number?
False
Suppose -84 = -2*m - 5*b, -m + 5*m + 4*b - 168 = 0. Suppose 2*p = -4*o + m, 0*p - 2*o - 44 = -4*p. Is p prime?
True
Let p be 4/(-10) - (-24)/10. Let f(r) = -6*r - p*r - 4*r + 1 - 4*r. Is f(-3) composite?
True
Suppose -5*p = 2 + 3, 0 = 5*q + 4*p - 451. Is q a composite number?
True
Is (-3 - -1792) + (-1 - -5) a composite number?
True
Suppose -a - 2 = 1. Let s = a + 13. Is 4/s - 966/(-10) prime?
True
Suppose 3*j - 113 = 178. Is j composite?
False
Suppose -a + 155 = -138. Is a composite?